*b + 402. List the prime factors of l.
2, 3, 17
Let x(i) = i**3 + i**2 - 2*i. Let m(t) = t**3 + t. Let f(z) = 2*m(z) + x(z). List the prime factors of f(1).
2
Suppose 3798 = 12*i - 3*i. What are the prime factors of i?
2, 211
Suppose -3*q = 3 - 9. Suppose 2*b + 4 = b + q*s, 4*b - 34 = -2*s. List the prime factors of b.
2, 3
Let d = 123 + -57. What are the prime factors of d?
2, 3, 11
Let r be (1/(-3))/(1/(-15)). Let g(k) be the second derivative of k**3/2 - 3*k**2 - k. List the prime factors of g(r).
3
Suppose -3*p + 15 = 3*o - 8*o, 0 = 2*p - 10. Suppose -11 = 3*v + 4*g - 58, v + 3*g - 9 = o. What are the prime factors of v?
3, 7
Let v be (-10)/(-4)*16/20. Suppose -v*m + 4*f = 8*f - 42, 3*m - 48 = -3*f. What are the prime factors of m?
11
Suppose 0*w + 10 = 2*w. Suppose -w*c + 15 = -10. What are the prime factors of c?
5
Suppose -o = 5*k + 126 - 531, 2*k + 2*o = 154. What are the prime factors of k?
2, 41
List the prime factors of (538/8)/((-5)/(-20) - 0).
269
Let l(g) = 26*g**2 + 3*g + 2. Let x be l(-2). Suppose -4*o = -0*o - x. List the prime factors of o.
5
Let m(n) = -5*n**3 + 7*n - 7. Let u(s) = 4*s**3 - 6*s + 6. Let i(f) = -5*m(f) - 6*u(f). Let w be i(0). List the prime factors of (-2)/((-3)/(-6)*w).
2
Let d(h) = 62*h**2 - 7*h - 11. List the prime factors of d(-2).
251
Suppose -5*c + 90 = 4*h, 2*c - 42 = -2*h - 2*c. List the prime factors of h.
5
Let y(b) = 1 + b**3 + 4*b**3 - 4*b**3 + 2*b + 4*b**2. What are the prime factors of y(-3)?
2
Suppose -4*i + 0*s - 4*s = 8, 5*i + 4*s + 8 = 0. Suppose i = 4*x - 292 - 128. Suppose 0 = -8*c + 3*c + x. What are the prime factors of c?
3, 7
Let t = 10 - 34. Let l = t + 40. What are the prime factors of l?
2
Let u(o) = -o**3 + 9*o**2 - 4*o - 4. Let d = -23 - -31. What are the prime factors of u(d)?
2, 7
Suppose 4*c + 4*u + 12 - 4 = 0, 3*u + 6 = -4*c. Suppose -q - q - 26 = c. Let g = -4 - q. List the prime factors of g.
3
Suppose -4*h = -4*m - 20, -5*m - 1 = -2*h + 18. Let z = -10 + 16. List the prime factors of (-10)/m + 4/z.
2
Let w be (-4)/6*(-2775)/10. Suppose -w = -m - 4*m. List the prime factors of m.
37
Let c(t) be the second derivative of t**4/12 - 5*t**3/6 + t**2/2 - 3*t. Let d be c(2). Let z = d - -10. List the prime factors of z.
5
Let f(x) = -x + 21. Let b be f(7). What are the prime factors of (1/(-2))/(b/(-672))?
2, 3
Let j(g) = g**3 + 8*g**2 + 2*g - 7. List the prime factors of j(-6).
53
Suppose -3*w = 42 + 363. Let h = -94 - w. List the prime factors of h.
41
Suppose -2*j - 4*x + x + 17 = 0, 3*x + 43 = 4*j. Let a be ((-7)/(-5))/(2/j). Suppose 5*o + v = a + 31, -3*v + 2 = -o. What are the prime factors of o?
7
Suppose 3*t - 6 = 4*v, -4*v - 2 = -t - 0*t. Suppose 5*c - 95 = -v*c. What are the prime factors of c?
19
Suppose -84 = -0*g - 2*g - 4*m, 4*m = -4*g + 160. Suppose 0 = p + 4*i - 12, 0 = -5*p - 3*i - 12 + g. What are the prime factors of p?
2
Suppose 0 = -3*t + 8*t - 5*p - 150, -3*p = -5*t + 148. List the prime factors of t.
29
Let c be 3/2*(-26)/(-3). Suppose 5*w - c = -3. Let a = w + 0. List the prime factors of a.
2
Let o(f) = -7*f**3. Let p be o(1). Let m = 22 + p. What are the prime factors of m?
3, 5
Let g = 28 + -18. Suppose 5*p = g*p - 20. What are the prime factors of p?
2
Suppose 8*y = 3*y + 50. Suppose 0 = -2*s + y + 28. List the prime factors of s.
19
Suppose -3*r = -7*r + 8. Suppose -r*g = -4*g + b, -g = -2*b + 6. Suppose 10 = 2*n - 5*q - 9, g*q + 14 = 4*n. List the prime factors of n.
2
Let d be 2/5 + 32/20. Suppose 4*c = z - 19 - d, -c - 3 = 0. List the prime factors of z.
3
Let b(q) = -4*q + 7. List the prime factors of b(-10).
47
Let g(x) = -x**3 + 5*x**2 + 4*x + 7. Let k be g(6). Let s = k - -19. What are the prime factors of s?
2, 7
Let i(v) = -v**2 - 3*v + 5. Let d be i(-4). List the prime factors of (d + (0 - 0))*13.
13
Suppose 4*r - 16 = -3*p - 64, -4 = -p. Let l = -68 - -39. Let o = r - l. What are the prime factors of o?
2, 7
Let q(v) = 2*v**2 + 4*v - 7. List the prime factors of q(5).
3, 7
Let d = -20 + 48. List the prime factors of d.
2, 7
Let c be ((-21)/(-6))/((-2)/(-8)). What are the prime factors of 440/c + (-16)/(-28)?
2
Let x(d) = d**2 - 9*d - 7. Let l be x(10). Suppose 0*r + 96 = 3*r - l*s, -132 = -4*r + 5*s. What are the prime factors of r?
2, 7
Let a = -1 - -6. Suppose -a*c = -c - 8. List the prime factors of c.
2
What are the prime factors of (5/(-10))/((-2)/16) + 155?
3, 53
Let t be ((-10)/(-10))/(1/4). Suppose 4*v - 3*d = 39, t*v + 32 = 8*v + 4*d. What are the prime factors of v?
3
Suppose -5*c + 2*c = 2*h - 115, 3*h - c - 167 = 0. Suppose 3*s = h - 14. Suppose -2*a - s = -4*a. List the prime factors of a.
7
Let j(n) = -6*n**2 + n + 5. Let o be j(-4). Let x = -43 - o. Suppose -4*h + 4*a + x = 0, -6*h + 55 = -2*h - 5*a. What are the prime factors of h?
2, 5
Suppose 0 = d + d + 14. List the prime factors of (-163)/d + 2/(-7).
23
Let h(y) = -5*y - 5. Let n be h(-13). Let z = -10 + n. List the prime factors of z.
2, 5
Let d = -320 + 602. What are the prime factors of d?
2, 3, 47
Let f(y) = -y**3 - 7*y**2 - 9*y - 7. Let a be f(-6). List the prime factors of (a + -1)*(-1)/(-2).
5
Suppose g + 16 = -0*g. Let b = 10 + g. What are the prime factors of b/(-9)*54/4?
3
Let t(w) = w**3 - 9*w**2 + w. Suppose 36 = 5*o - o. What are the prime factors of t(o)?
3
Suppose -2*r + 10 = 0, 5*a - 248 = a + 4*r. Suppose -5 = 2*q - a. What are the prime factors of q?
31
Let s(y) be the third derivative of -y**7/5040 + y**6/240 - y**5/60 + y**2. Let q(o) be the third derivative of s(o). What are the prime factors of q(-3)?
2, 3
Suppose 16*q = 13*q - 3, -5*b + 47 = 3*q. List the prime factors of b.
2, 5
Suppose -3*h + 0*i + 180 = 5*i, -3*i = 2*h - 120. What are the prime factors of h?
2, 3, 5
What are the prime factors of 11104/48 - 2/6?
3, 7, 11
Suppose -4*h - 10 - 10 = 0. Let f be 85/10 + (-1)/2. Let l = h + f. What are the prime factors of l?
3
Suppose 4 = 2*i - 0. Suppose 6 = -3*o + 3*v, 5 + i = -2*o - v. What are the prime factors of -1 - o - (0 + -6)?
2
Let j(q) be the second derivative of q**3/6 - 5*q**2/2 + q. What are the prime factors of j(10)?
5
Suppose 9 = z - 6*r + r, -5*z - 3*r + 157 = 0. What are the prime factors of z?
29
Let o(y) = 7*y**2 + y - 1. Let n be 0/(-1)*(-2)/(-4). Suppose n = m - 1. List the prime factors of o(m).
7
Let b = -169 - -284. What are the prime factors of b?
5, 23
Let o = 12 + -5. Suppose 2*r + 5 = -4*q + o*q, -8 = 2*r - 4*q. Suppose 2*y = -r*y - 5*w + 64, -3*y + 3*w + 75 = 0. What are the prime factors of y?
3, 7
Let k(i) = -6*i**2 + 0 - 10 - i**3 + 2 + 0*i**3 - 3*i. What are the prime factors of k(-6)?
2, 5
Let s(f) = f**2 + 10*f + 12. What are the prime factors of s(-14)?
2, 17
Let x = 636 - 341. List the prime factors of x.
5, 59
Let x = 121 - 66. What are the prime factors of x?
5, 11
Suppose 3*b = -2*b + 145. Suppose 105 = -k + 6*k. Let w = b - k. What are the prime factors of w?
2
Suppose -2*c = 4*s - 8, 3*c - s = -0*c - 16. Let u be (-1 - (1 + 1)) + 33. List the prime factors of (c/6)/((-2)/u).
2, 5
Let j(o) be the first derivative of 38*o**3/3 - o**2/2 + 4. List the prime factors of j(1).
37
Let t = 5 + -3. Suppose t*b + 13 - 93 = 0. What are the prime factors of b?
2, 5
Suppose 0*m = 4*m - 60. Let k = m - -3. What are the prime factors of k?
2, 3
Let q(j) = 22*j - 40. What are the prime factors of q(8)?
2, 17
Suppose 2*x = -4*b + 108, 3*x + b = 6*b + 118. What are the prime factors of x?
2, 23
Suppose -3674 = -10*j - 754. What are the prime factors of j?
2, 73
Suppose -3*s - 2*s + 95 = 5*n, -38 = -2*s + 3*n. What are the prime factors of s?
19
Suppose -2*d = d - 27. Let z(n) = n**2 - 6*n - 9. Let o be z(7). Let x = d + o. What are the prime factors of x?
7
List the prime factors of (-2)/(-2 + (-38)/(-20)).
2, 5
Suppose 0 = -2*r + 5*j + 23, 3*r + 4*j + 18 = 5*r. What are the prime factors of 14 + (r - -2) - -3?
2, 3
List the prime factors of (-5)/2 - 3/6 - -154.
151
Let k(g) = 11*g**2 + g - 1. Suppose 4 = -4*r + 2*r. List the prime factors of k(r).
41
Let n = 5 + -2. Let g(l) = l**2 - 4*l - 14. Let u be g(-3). Suppose 4*o - u = n*o. List the prime factors of o.
7
Let f(w) = w**3 + 5*w**2 - 7*w. Suppose 0*i - 4*i - 24 = 0. Let y be f(i). List the prime factors of y*(1 - 3/(-9)).
2
Let t be 4/(-6)*(-75)/10. Suppose -3*q - 2